t k(x) = -x**3 - 10*x**2 - 6. Give k(-10).
-6
Let z(i) = i**2 - 27*i + 76. Determine z(4).
-16
Let o(q) = -q**3 - 6*q**2 - 6*q + 14. Determine o(-4).
6
Let q(x) = x**2 - 25*x + 10. What is q(25)?
10
Let c(m) = m**3 - 15*m**2 + 24*m - 141. What is c(14)?
-1
Let g(y) = -4*y**2 + 3*y + 2. Determine g(-4).
-74
Let w(f) = 7*f + 21. What is w(-3)?
0
Let a(o) = 13*o + 13. What is a(-2)?
-13
Let w(q) = -q**3 - 6*q**2 - 4*q + 10. Calculate w(-5).
5
Let t(l) = -2*l**3 + 4*l**2 + 6*l - 3. Give t(3).
-3
Let m(d) = -6*d. Calculate m(2).
-12
Let p(r) = -38*r - 219. Give p(-6).
9
Let b(j) = -j - 24. Give b(-10).
-14
Let a(v) = -2*v**2 + 6*v - 6. Determine a(4).
-14
Let i(k) = -k**2 - 13*k + 33. Determine i(-14).
19
Let r(v) = 34*v**3 + v**2 + 2*v + 1. Determine r(-1).
-34
Let s(a) = -a**3 + 44*a**2 - 125*a + 82. Determine s(41).
0
Let o(q) = 11*q - 73. Calculate o(7).
4
Let u(t) = -t**2 + 2*t + 38. Calculate u(-7).
-25
Let l(c) = 7*c + 20. Give l(-4).
-8
Let m(q) = q**2 + 11*q - 15. Give m(-12).
-3
Let m(y) = 2*y**2 + 59*y - 159. Determine m(-32).
1
Let b(o) = -3*o + 17. Give b(7).
-4
Let m(x) = -13*x - 359. Calculate m(-28).
5
Let k(j) = -2*j**2 - 22*j + 6. Determine k(-10).
26
Let z(u) = -u - 26. Calculate z(-10).
-16
Let q(b) = b**2 - 7*b + 4. Give q(5).
-6
Let t(w) = -w - 2. Give t(4).
-6
Let t(n) = -n**2 + 47*n - 558. Give t(24).
-6
Let h(n) = 14*n**2 + 7*n + 1. Give h(-1).
8
Let j(x) = x**2 + 11*x + 12. What is j(-10)?
2
Let q(k) = -k - 3. Determine q(-1).
-2
Let r(y) = 2*y**2 + 23*y + 60. What is r(-5)?
-5
Let v(h) = 4*h + 1. Give v(8).
33
Let f(r) = 4*r + 29. Determine f(-12).
-19
Let h(i) = -i**2 + 9*i - 4. Calculate h(4).
16
Let v(z) = z**2 - 17*z + 27. Calculate v(15).
-3
Let c(u) = -u**2 - 12*u - 6. Give c(-11).
5
Let x(n) = -n**2 - 15*n - 13. Give x(-15).
-13
Let r(i) = 42*i + 287. What is r(-7)?
-7
Let k(s) = 17*s - 38. Determine k(2).
-4
Let n(d) = d**3 - 5*d**2 + 3*d - 1. What is n(2)?
-7
Let x(v) = -16*v**2 + 4*v - 3. Calculate x(1).
-15
Let b(v) = -8*v + 1. What is b(6)?
-47
Let r(x) = -x**2 + 3*x + 238. Determine r(-14).
0
Let m(g) = -g**3 + 7*g**2 + 8*g + 5. Determine m(7).
61
Let d(t) = 69*t**3 + 3*t - 2. Calculate d(1).
70
Let y(b) = -b**3 - 11*b**2 + 26*b + 11. What is y(-13)?
11
Let t(i) = -i**3 - 43*i**2 + 44*i + 2. Give t(-44).
2
Let n(l) = 4*l**3 + 2*l**2 - l - 1. Calculate n(-3).
-88
Let p(b) = -2*b**2 - b + 4. Calculate p(-5).
-41
Let y(g) = g**3 + 2*g**2 - 5*g - 6. Determine y(-3).
0
Let v(g) = g**2 + 10*g + 9. What is v(-7)?
-12
Let f(w) = -w**3 + 5*w**2 + 41. Calculate f(6).
5
Let q(o) = -o**3 - 30*o**2 - 58*o - 58. Determine q(-28).
-2
Let k(t) = -t - 9. Determine k(0).
-9
Let n(a) = 28*a - 80. Calculate n(3).
4
Let i(u) = u**2 - 10*u + 5. Determine i(9).
-4
Let p(w) = w**3 - 4*w**2 - 17*w + 9. Give p(6).
-21
Let o(u) = -53*u**3 + 2*u - 1. Calculate o(1).
-52
Let g(f) = f**3 - 3*f**2 - 9*f - 2. What is g(-2)?
-4
Let g(z) = -z**3 - 11*z**2 - 3*z - 21. Give g(-11).
12
Let y(c) = -c**2 + 9*c + 22. Calculate y(10).
12
Let j(k) = 117*k + 347. What is j(-3)?
-4
Let x(b) = b**3 - 12*b**2 + 21*b - 7. Determine x(10).
3
Let u(k) = -7*k**2 - k + 7. Determine u(2).
-23
Let m(p) = p**2 + 3*p - 13. Give m(3).
5
Let t(d) = d**3 + 10*d**2 - 24*d - 17. Calculate t(-12).
-17
Let k(q) = -q**3 - 28*q**2 - 29*q - 14. Give k(-27).
40
Let s(y) = y**3 + 7*y**2 + 4*y + 37. Determine s(-7).
9
Let c(a) = -2*a + 12. Give c(-4).
20
Let r(h) = h**3 + h**2 + 2*h + 8. Give r(0).
8
Let s(c) = c - 4. What is s(3)?
-1
Let j(u) = u**3 + 6*u**2 + 9*u + 5. Determine j(-4).
1
Let s(h) = -h**3 + 2*h**2 - h + 3. What is s(2)?
1
Let p(j) = -j**3 - j**2 + 58*j + 20. What is p(-8)?
4
Let p(r) = 2*r + 6. Determine p(-4).
-2
Let y(b) = b**2 - 20*b + 52. Calculate y(5).
-23
Let x(c) = -3*c + 13. Calculate x(-3).
22
Let o(i) = -i + 7. What is o(9)?
-2
Let c(m) = -2*m**2 + 3*m - 1. Calculate c(2).
-3
Let o(d) = 4*d**2 + 3*d - 7. What is o(2)?
15
Let h(p) = 9*p - 1. What is h(-1)?
-10
Let o(y) = 2*y**2 + 11*y - 6. Give o(-8).
34
Let s(k) = 4*k - 12. What is s(9)?
24
Let s(o) = 3*o**2 + 3*o + 3. Calculate s(-2).
9
Let a(z) = z**2 - 11*z + 9. What is a(11)?
9
Let f(l) = 2*l**3 + 3*l**2 + 6*l + 4. What is f(-2)?
-12
Let f(c) = -c - 2. Determine f(2).
-4
Let j(z) = -3*z - 46. Determine j(-5).
-31
Let p(d) = -d**3 + 40*d**2 - 72*d - 152. Determine p(38).
0
Let i(r) = r**2 - 8*r + 8. Give i(8).
8
Let m(q) = 2*q**2 + 5*q + 4. Determine m(-3).
7
Let d(f) = -4*f - 40. Calculate d(-7).
-12
Let o(f) = 7*f**2 - 2*f - 7. Calculate o(1).
-2
Let x(n) = -n**2 + 32*n - 43. What is x(25)?
132
Let l(f) = f**2 - 14*f + 6. Determine l(6).
-42
Let d(i) = -4*i - 46. Give d(-13).
6
Let f(y) = y**2 - 8*y - 15. Calculate f(9).
-6
Let k(t) = -8*t**2 + 1. Calculate k(-1).
-7
Let o(t) = 2*t + 32. Calculate o(-13).
6
Let t(r) = 39*r - 78. What is t(2)?
0
Let v(d) = 2*d - 10. Calculate v(8).
6
Let v(c) = 2*c + 10. What is v(-11)?
-12
Let u(a) = a**3 + 5*a**2 - 10*a + 10. Calculate u(-7).
-18
Let v(m) = 7*m - 79. What is v(11)?
-2
Let d(x) = x**3 + 13*x**2 + 33*x - 27. What is d(-9)?
0
Let c(x) = x**2 + x - 1. Calculate c(-2).
1
Let a(w) = 10*w**2 - 8*w - 6. What is a(2)?
18
Let y(l) = l**3 + 6*l**2 + 11*l + 5. Calculate y(-4).
-7
Let b(x) = x**2 - 6*x - 17. What is b(8)?
-1
Let h(s) = s**3 - 2*s**2 - 3*s. Calculate h(4).
20
Let q(z) = -z**2 + 8*z + 4. Give q(10).
-16
Let t(h) = -h**2 + 9*h + 5. Determine t(10).
-5
Let d(t) = -t**3 - 10*t**2 - 9*t + 9. Give d(-9).
9
Let u(i) = i**3 - 8*i**2 + 10*i + 10. Give u(6).
-2
Let q(x) = 5*x + 16. Determine q(-13).
-49
Let v(w) = 4*w - 13. Give v(3).
-1
Let p(c) = -19*c**2 + 7*c + 6. Determine p(-3).
-186
Let j(v) = 11*v - 7. Give j(-6).
-73
Let f(d) = -17*d + 72. Determine f(6).
-30
Let i(f) = f**2 - 12*f + 24. Give i(9).
-3
Let g(k) = k**3 + 2*k**2 + k + 3. Determine g(-3).
-9
Let c(b) = b - 7. What is c(2)?
-5
Let b(k) = -6*k - 170. Determine b(-31).
16
Let x(h) = -h**3 + 15*h**2 + 6*h + 170. Calculate x(16).
10
Let b(m) = 2*m**3 + 2*m - 28. Determine b(0).
-28
Let v(b) = b**3 + 7*b**2 - 23*b + 10. Give v(-10).
-60
Let z(w) = -w**2 + 8*w - 11. What is z(5)?
4
Let a(n) = n**2 + 8*n - 2. Calculate a(-9).
7
Let w(k) = -k**3 - 7*k**2 + 10. Determine w(-6).
-26
Let c(h) = 2*h**2 - 11*h - 7. What is c(6)?
-1
Let n(x) = -x**3 - 4*x**2 + 4*x - 15. Calculate n(-4).
-31
Let u(j) = 5*j - 72. Calculate u(16).
8
Let q(u) = u**3 - 4*u**2 + 3*u - 4. Calculate q(3).
-4
Let j(y) = -y**3 - 8*y**2 - 7*y - 8. What is j(-6)?
-38
Let n(h) = h + 6. Determine n(9).
15
Let w(r) = 18*r. What is w(1)?
18
Let t(b) = 2*b**2 - 168*b + 336. Determine t(82).
8
Let o(r) = -r**2 - 9*r + 33. Calculate o(-12).
-3
Let l(m) = m**2 + 16*m + 10. Determine l(-15).
-5
Let m(d) = -4*d - 3. What is m(6)?
-27
Let i(n) = -n**3 - 4*n**2 + 5*n + 5. What is i(-5)?
5
Let g(q) = 5*q - 84. Calculate g(-18).
-174
Let a(q) = -4*q - 35. What is a(19)?
-111
Let l(b) = b**3 + 11*b**2 + 34*b + 24. What is l(-7)?
-18
Let z(q) = q**2 + q - 3. Determine z(-4).
9
Let u(j) = 2*j - 12. Calculate u(6).
0
Let k(h) = -25*h + 328. Determine k(13).
3
Let q(d) = -2*d**2 + 40*d + 14. Determine q(21).
-28
Let f(b) = -b**2 - 9*b - 11. Calculate f(-8).
-3
Let b(w) = 2*w + 1. Give b(0).
1
Let i(n) = -n**2 + 12*n + 35. Give i(15).
-10
Let i(j) = -2*j**2 - 2*j + 3. Calculate i(3).
-21
Let d(s) = 13*s - 158. Determine d(13).
11
Let p(q) = 2*q + 8. What is p(-2)?
4
Let b(f) = f**2 - 27*f - 95. What is b(30)?
-5
Let c(v) = -2*v + 11. Give c(9).
-7
Let x(t) = -25*t - 5. Give x(3).
-80
Let c(w) = -4*w + 13. Calculate c(-2).
21
Let g(b) = -b**2 - 14*b - 31. Calculate g(-9).
14
Let p(y) = -8*y + 18. Give p(6).
-30
Let w(m) = 2*m + 3. Calculate w(8).
19
Let x(c) = 12*c**2 + 48*c - 1. Determine x(-4).
-1
Let v(o) = o**3 + 20*o**2 + 18*o - 27. Calculate v(-19).
-8
Let y(f) = 11*f - 7. Determine y(3).
26
Let h(y) = y**3 - 13*y**2 + 12*y - 1. What is h(12)?
-1
Let c(d) = -d**3 - 12*d**2 + 12*d - 5. Give c(-13).
8
Let s(y) = -25*y - 3. Calculate s(3).
-78
Let n(k) = -k**3 - 8*k**2 + 2. Calculate n(-4).
-62
Let w(f) = f**2 - 3*f - 15. Give w(-4).
13
Let w(s) = -28*s**2 + 4*s - 4. Give w(2).
-108
Let d(h) = -2*h**2 + 22*h - 29. What is d(9)?
7
Let b(q) = 24*q + 59. Determine b(-4).
-37
Let r(p) = -3*p**2 - 5*p + 3. What is r(-4)?
-25
Let j(b) = 12